{"id":380,"date":"2020-07-20T07:17:02","date_gmt":"2020-07-20T07:17:02","guid":{"rendered":"http:\/\/localhost\/msc\/?page_id=380"},"modified":"2020-07-27T05:33:27","modified_gmt":"2020-07-27T05:33:27","slug":"yop-athlete-award-of-the-month-at-centre-jeunesse-de-floreal","status":"publish","type":"page","link":"https:\/\/mauritiussportscouncil.govmu.org\/mauritiussportscouncil\/?page_id=380","title":{"rendered":"Yop Athlete Award of the Month at Centre Jeunesse de Floreal"},"content":{"rendered":"<p>[vc_row][vc_column][vc_column_text]<\/p>\n<h3>Yop Athlete Award of the Month at Centre Jeunesse de Floreal<\/h3>\n<p>[\/vc_column_text][\/vc_column][\/vc_row][vc_row css=&#8221;.vc_custom_1595828002705{margin-top: 30px !important;}&#8221;][vc_column][vc_column_text]<\/p>\n<p class=\"ms-rteFontSize-3 ms-rteThemeFontFace-2\">La c\u00e9r\u00e9monie de remise de r\u00e9compenses pour les laur\u00e9ats du &#8220;YOP ATHLETE AWARD&#8221; pour les mois de juillet \u00e0 septembre 2019 eut lieu au Centre Jeunesse de Floreal, vendredi 06 d\u00e9cembre 2019 devant un parterre compos\u00e9 de personnalit\u00e9s suivantes :<\/p>\n<ul class=\"ms-rteFontSize-3 ms-rteThemeFontFace-2\">\n<li>La pr\u00e9sidente du Mauritius Sports Council, Madame Sarah Rawat Currimjee;<\/li>\n<li>La pr\u00e9sidente du Mauritius Sports Council, Madame Sarah Rawat Currimjee;<\/li>\n<li>Les membres ex\u00e9cutifs et employ\u00e9s du Mauritius Sports Council;<\/li>\n<li>Madame Preety Conahye, \u2018Youth Officer\u2019 du Minist\u00e8re de la Jeunesse et des Sports<\/li>\n<li>Monsieur Giandev Moteea, President du Club Maurice ;<\/li>\n<li>Madame Iona Nawoor, \u2018Senior Brand Manager\u2019 de Panagora Marketing Co. Ltd;<\/li>\n<li>Les athl\u00e8tes et parents et<\/li>\n<li>Les membres de la presse<\/li>\n<\/ul>\n<p class=\"ms-rteFontSize-3 ms-rteThemeFontFace-2\">\n<p class=\"ms-rteFontSize-3 ms-rteThemeFontFace-2\">Le \u2018Yop Athl\u00e8te Award of the Month\u2019 est b\u00e9n\u00e9fique pour les athl\u00e8tes et les \u00e9l\u00e8ves et a pour but de r\u00e9compenser nos athl\u00e8tes de plus de 16 ans qui ont brill\u00e9 sur le plan national et international.<\/p>\n<p class=\"ms-rteFontSize-3 ms-rteThemeFontFace-2\">Ces champions sont des exemples pour nos jeunes d\u2019aujourd\u2019hui et le Mauritius Sports Council encourage les \u00e9tudiants des \u00e9tablissements scolaires \u00e0 suivre leurs exemples en faisant du sport.<\/p>\n<p class=\"ms-rteFontSize-3 ms-rteThemeFontFace-2\">Panagora Marketing Co. Ltd est l\u2019un de nos partenaires, qui depuis plusieurs ann\u00e9es maintenant, continue de parrainer nos efforts pour cr\u00e9er et maintenir un sens \u00e9lev\u00e9 du professionnalisme dans la gestion et les pratiques sportive que proposent ACTIVE MAURITIUS du Mauritius Sports Council.<\/p>\n<p class=\"ms-rteFontSize-3 ms-rteThemeFontFace-2\">Les gagnants du Yop Award ont \u00e9t\u00e9 r\u00e9compens\u00e9s comme suit:<\/p>\n<ul class=\"ms-rteFontSize-3 ms-rteThemeFontFace-2\">\n<li>un troph\u00e9e, un certificat et un ch\u00e8que de Rs 4,000\/- offerts par le Mauritius Sports Council;<\/li>\n<\/ul>\n<ul class=\"ms-rteFontSize-3 ms-rteThemeFontFace-2\">\n<li>un bon d\u2019achat de Rs 4,000\/- et des produits YOP offerts par Panagora Marketing Co Ltd<\/li>\n<\/ul>\n<p class=\"ms-rteFontSize-3 ms-rteThemeFontFace-2\">\n<p class=\"ms-rteFontSize-3 ms-rteThemeFontFace-2\">Les gagnants sont comme suit :<\/p>\n<p class=\"ms-rteFontSize-3 ms-rteThemeFontFace-2\"><strong>Juillet 2019 \u2013 Elie Jonathan Denis BARDOTTIER \u2013 Athl\u00e9tisme<\/strong><br \/>\nNotre champion a particip\u00e9 au \u2018CAA \/ SAR Senior Championship\u2019, une comp\u00e9tition qui a accueilli 6 pays et 11 participants qui s\u2019est d\u00e9roul\u00e9 \u00e0 Maurice. Il a remport\u00e9 la m\u00e9daille d\u2019argent au 100 m\u00e8tres.<\/p>\n<p class=\"ms-rteFontSize-3 ms-rteThemeFontFace-2\">\n<p class=\"ms-rteFontSize-3 ms-rteThemeFontFace-2\"><strong>Aout 2019 \u2013 Roilya RANAIVOSOA \u2013 Halt\u00e9rophilie<\/strong><br \/>\nElle a particip\u00e9 au \u2018All African Games\u2019 qui s\u2019est tenu au Maroc en aout dernier avec 12 pays et 5 participants avec une performance de 75 au Snatch et de 94 au Clean &amp; Jerk, lui permettant ainsi de remporter 3 m\u00e9dailles d\u2019or. Elle a \u00e9t\u00e9 repr\u00e9sent\u00e9e par ses parents.<\/p>\n<p class=\"ms-rteFontSize-3 ms-rteThemeFontFace-2\">\n<p class=\"ms-rteFontSize-3 ms-rteThemeFontFace-2\"><strong>Septembre 2019 \u2013 Kelwin JUBOO \u2013 Halt\u00e9rophilie<\/strong><\/p>\n<p class=\"ms-rteFontSize-3 ms-rteThemeFontFace-2\">Notre champion du mois a particip\u00e9 au \u2018Youth African Championships\u2019 qui s\u2019est d\u00e9roul\u00e9 en Uganda dans la cat\u00e9gorie de plus de 102 kgs avec une performance de 110 kgs au snatch. Il a remport\u00e9 3 m\u00e9dailles d\u2019or. Il a aussi particip\u00e9 au \u2018Junior African Championships\u2019 dans la cat\u00e9gorie de moins de 109 kgs avec une performance de 162 au Clean &amp; Jerk et il remporta 3 m\u00e9dailles d\u2019or. Il a \u00e9t\u00e9 repr\u00e9sent\u00e9 par sa m\u00e8re.<\/p>\n<p class=\"ms-rteFontSize-3 ms-rteThemeFontFace-2\">\n<p class=\"ms-rteFontSize-3 ms-rteThemeFontFace-2\">Comme \u00e0 chaque remise de r\u00e9compense, Panagora Marketing Co Ltd a eu le plaisir d\u2019offrir aux ONG pr\u00e9sents \u2018La Caze Z\u2019enfants\u2019 de Cit\u00e9 Mangalkhan et \u2018La Maison des Anges\u2019 de Cit\u00e9 L\u2019oiseau des \u00e9quipements sportifs qui seront mis \u00e0 la disposition des enfants.<\/p>\n<p class=\"ms-rteFontSize-3 ms-rteThemeFontFace-2\">Le College a re\u00e7u :<\/p>\n<ul class=\"ms-rteFontSize-3 ms-rteThemeFontFace-2\">\n<li>2 ballons de Volley<\/li>\n<li>2 Ballons de Basket<\/li>\n<li>5 Cordes \u00e0 sauter<\/li>\n<li>2 paires de raquettes de badminton<\/li>\n<li>2 boites de volants<\/li>\n<li>Une trousse de premiers soins<\/li>\n<li>Un bac \u00e0 glace<\/li>\n<\/ul>\n<p class=\"ms-rteFontSize-3 ms-rteThemeFontFace-2\">\n<p class=\"ms-rteFontSize-3 ms-rteThemeFontFace-2\">Comme interludes, les enfants de \u2018La Caze Z\u2019enfants\u2019 de Cit\u00e9 Mangalkhan ont interpr\u00e9t\u00e9 une danse sur la chanson \u2018Mille Colombes\u2019 et un po\u00e8me.<\/p>\n<p class=\"ms-rteFontSize-3 ms-rteThemeFontFace-2\">80 enfants ont particip\u00e9 \u00e0 la remise des r\u00e9compenses. Ils se sont vus offert une boisson YOP \u00e0 la fin de la c\u00e9r\u00e9monie.<\/p>\n<p class=\"ms-rteFontSize-3 ms-rteThemeFontFace-2\">\n<p class=\"ms-rteFontSize-3 ms-rteThemeFontFace-2\"><a href=\"http:\/\/msc2020.govmu.org\/msc\/?page_id=58\">View Pictures in Media Library\u00a0\u200b\u200b<\/a><\/p>\n<p>[\/vc_column_text][\/vc_column][\/vc_row]<\/p>\n","protected":false},"excerpt":{"rendered":"<p>[vc_row][vc_column][vc_column_text] Yop Athlete Award of the Month at Centre Jeunesse de Floreal [\/vc_column_text][\/vc_column][\/vc_row][vc_row css=&#8221;.vc_custom_1595828002705{margin-top: 30px !important;}&#8221;][vc_column][vc_column_text] La c\u00e9r\u00e9monie de remise de r\u00e9compenses pour les laur\u00e9ats du &#8220;YOP ATHLETE AWARD&#8221; pour les mois de juillet \u00e0 septembre 2019 eut lieu au Centre Jeunesse de Floreal, vendredi 06 d\u00e9cembre 2019 devant un parterre compos\u00e9 de personnalit\u00e9s suivantes [&hellip;]<\/p>\n","protected":false},"author":1,"featured_media":0,"parent":0,"menu_order":0,"comment_status":"closed","ping_status":"closed","template":"","meta":{"ngg_post_thumbnail":0,"footnotes":""},"class_list":["post-380","page","type-page","status-publish","hentry"],"_links":{"self":[{"href":"https:\/\/mauritiussportscouncil.govmu.org\/mauritiussportscouncil\/index.php?rest_route=\/wp\/v2\/pages\/380","targetHints":{"allow":["GET"]}}],"collection":[{"href":"https:\/\/mauritiussportscouncil.govmu.org\/mauritiussportscouncil\/index.php?rest_route=\/wp\/v2\/pages"}],"about":[{"href":"https:\/\/mauritiussportscouncil.govmu.org\/mauritiussportscouncil\/index.php?rest_route=\/wp\/v2\/types\/page"}],"author":[{"embeddable":true,"href":"https:\/\/mauritiussportscouncil.govmu.org\/mauritiussportscouncil\/index.php?rest_route=\/wp\/v2\/users\/1"}],"replies":[{"embeddable":true,"href":"https:\/\/mauritiussportscouncil.govmu.org\/mauritiussportscouncil\/index.php?rest_route=%2Fwp%2Fv2%2Fcomments&post=380"}],"version-history":[{"count":2,"href":"https:\/\/mauritiussportscouncil.govmu.org\/mauritiussportscouncil\/index.php?rest_route=\/wp\/v2\/pages\/380\/revisions"}],"predecessor-version":[{"id":5255,"href":"https:\/\/mauritiussportscouncil.govmu.org\/mauritiussportscouncil\/index.php?rest_route=\/wp\/v2\/pages\/380\/revisions\/5255"}],"wp:attachment":[{"href":"https:\/\/mauritiussportscouncil.govmu.org\/mauritiussportscouncil\/index.php?rest_route=%2Fwp%2Fv2%2Fmedia&parent=380"}],"curies":[{"name":"wp","href":"https:\/\/api.w.org\/{rel}","templated":true}]}}