{"id":387,"date":"2020-07-20T07:17:06","date_gmt":"2020-07-20T07:17:06","guid":{"rendered":"http:\/\/localhost\/msc\/?page_id=387"},"modified":"2020-07-27T11:29:51","modified_gmt":"2020-07-27T11:29:51","slug":"yop-athlete-award-of-the-month-at-keats-college","status":"publish","type":"page","link":"https:\/\/mauritiussportscouncil.govmu.org\/mauritiussportscouncil\/?page_id=387","title":{"rendered":"Yop Athlete Award of the Month at Keats College"},"content":{"rendered":"<p>[vc_row][vc_column][vc_column_text]<\/p>\n<h3>Yop Athlete Award of the Month at Keats College<\/h3>\n<p>[\/vc_column_text][\/vc_column][\/vc_row][vc_row css=&#8221;.vc_custom_1595849382601{margin-top: 30px !important;}&#8221;][vc_column][vc_column_text]<\/p>\n<p class=\"ms-rteFontSize-3 ms-rteThemeFontFace-2\">La c\u00e9r\u00e9monie de remise de r\u00e9compenses pour les laur\u00e9ats du &#8220;YOP ATHLETE AWARD&#8221; pour les mois d\u2019avril \u00e0 juin 2019 eut lieu au Keats College \u00e0 Chemin Grenier le vendredi 27 septembre 2019 devant un parterre compos\u00e9 de personnalit\u00e9s suivantes :<\/p>\n<ul class=\"ms-rteFontSize-3 ms-rteThemeFontFace-2\">\n<li>La pr\u00e9sidente du Mauritius Sports Council, Madame Sarah Rawat Currimjee;<\/li>\n<li>Les membres ex\u00e9cutifs et employ\u00e9s du Mauritius Sports Council;<\/li>\n<li>L\u2019assistant recteur, Monsieur Swadick Mungly;<\/li>\n<li>Melle Magalie Karupannen, \u2018Brand Manager\u2019, Panagora Marketing Co. Ltd;<\/li>\n<li>Mlle Iona Nawoor, \u2018Brand Executive\u2019,Panagora Marketing Co. Ltd;<\/li>\n<li>Les enseignants et \u00e9l\u00e8ves;<\/li>\n<li>Les athl\u00e8tes et parents et<\/li>\n<li>Les membres de la presse<\/li>\n<\/ul>\n<p class=\"ms-rteFontSize-3 ms-rteThemeFontFace-2\">\n<p class=\"ms-rteFontSize-3 ms-rteThemeFontFace-2\">Le \u2018Yop Athl\u00e8te Award of the Month\u2019 est b\u00e9n\u00e9fique pour les athl\u00e8tes et les \u00e9l\u00e8ves et a pour but de r\u00e9compenser nos athl\u00e8tes de plus de 16 ans qui ont brill\u00e9 sur le plan national et international.<\/p>\n<p class=\"ms-rteFontSize-3 ms-rteThemeFontFace-2\">Ces champions sont des exemples pour nos jeunes d\u2019aujourd\u2019hui et le Mauritius Sports Council encourage les \u00e9tudiants des \u00e9tablissements scolaires \u00e0 suivre leurs exemples en faisant du sport.<\/p>\n<p class=\"ms-rteFontSize-3 ms-rteThemeFontFace-2\">Les gagnants du Yop Award ont \u00e9t\u00e9 r\u00e9compens\u00e9s comme suit:<\/p>\n<ul class=\"ms-rteFontSize-3 ms-rteThemeFontFace-2\">\n<li>un troph\u00e9e, un certificat et un ch\u00e8que de Rs 4,000\/- offerts par le Mauritius Sports Council;<\/li>\n<\/ul>\n<ul class=\"ms-rteFontSize-3 ms-rteThemeFontFace-2\">\n<li>un bon d\u2019achat de Rs 4,000\/- et des produits YOP offerts par Panagora Marketing Co Ltd<\/li>\n<\/ul>\n<p class=\"ms-rteFontSize-3 ms-rteThemeFontFace-2\">\n<p class=\"ms-rteFontSize-3 ms-rteThemeFontFace-2\">Les gagnants sont comme suit :<\/p>\n<p class=\"ms-rteFontSize-3 ms-rteThemeFontFace-2\"><strong>Avril 2019 \u2013 Lilowtee Nadeshwaree JALIM \u2013 Tennis de Table<\/strong><br \/>\nNotre championne a particip\u00e9 au \u2018ITTF WORLD JUNIOR CIRCUIT 2019\u2019 du 1 au 5 avril 2019 \u2013 un tournoi qui a accueilli 15 pays et 90 participants, qui s\u2019est d\u00e9roul\u00e9 au Ghana. Elle a remport\u00e9 une m\u00e9daille d\u2019argent. Elle a \u00e9t\u00e9 repr\u00e9sent\u00e9e par son p\u00e8re.<\/p>\n<p class=\"ms-rteFontSize-3 ms-rteThemeFontFace-2\">\n<p class=\"ms-rteFontSize-3 ms-rteThemeFontFace-2\"><strong>Mai 2019 \u2013 Jonathan Christopher SOPHIE \u2013 Athl\u00e9tisme<\/strong><br \/>\nNotre gagnant pratique de l\u2019athl\u00e9tisme et son \u00e9preuve de pr\u00e9dilection est le lancer du disque ; il a particip\u00e9 \u00e0 2 tournois : le \u2018French Club Championships\u2019, Tromblaine qui s\u2019est tenu en France le 5 mai 2019 avec 4 pays et 14 participants. Il a remport\u00e9 la m\u00e9daille d\u2019or. Il a aussi particip\u00e9 au\u2019 French Club Championships\u2019, Antony qui s\u2019est tenu en France le 19 mai 2019 avec 5 pays et 16 participants. Il d\u00e9crocha encore une fois la m\u00e9daille d\u2019or.<\/p>\n<p class=\"ms-rteFontSize-3 ms-rteThemeFontFace-2\">\n<p class=\"ms-rteFontSize-3 ms-rteThemeFontFace-2\"><strong>Juin 2019 \u2013 Am\u00e9lie BOY \u2013 Tennis<\/strong><\/p>\n<p class=\"ms-rteFontSize-3 ms-rteThemeFontFace-2\">Notre championne du mois a particip\u00e9 au \u2018TENNIS SPORTS OPEN\u2019 \u00e0 Mapou avec 8 participantes. Elle a d\u00e9croch\u00e9 la m\u00e9daille d\u2019or. Elle a aussi particip\u00e9 \u00e0 2 tournois qui se sont d\u00e9roul\u00e9s \u00e0 l\u2019ile de la R\u00e9union ; le \u2018OPEN SMTC 2019\u2019 du 16 au 22 juin 2019, en simple dames avec 2 pays et 9 participants, elle a remport\u00e9 la m\u00e9daille d\u2019argent ; elle a aussi particip\u00e9 au \u2018OPEN TC DOMINICAIN\u2019 du 23 au 29 juin 2019, en simple dames avec 2 pays et 9 participants et elle ramena la m\u00e9daille d\u2019or. Elle a \u00e9t\u00e9 repr\u00e9sent\u00e9e par le DTN.<\/p>\n<p class=\"ms-rteFontSize-3 ms-rteThemeFontFace-2\">\n<p class=\"ms-rteFontSize-3 ms-rteThemeFontFace-2\">Comme \u00e0 chaque remise de r\u00e9compense, Panagora Marketing Co Ltd a eu le plaisir d\u2019offrir \u00e0 l\u2019\u00e9tablissement des \u00e9quipements sportifs qui seront mis \u00e0 la disposition des \u00e9l\u00e8ves.<\/p>\n<p class=\"ms-rteFontSize-3 ms-rteThemeFontFace-2\">Le College a re\u00e7u :<\/p>\n<ul class=\"ms-rteFontSize-3 ms-rteThemeFontFace-2\">\n<li>2 ballons de Volley<\/li>\n<li>2 Ballons de Basket<\/li>\n<li>5 Cordes \u00e0 sauter<\/li>\n<li>2 paires de raquettes de badminton<\/li>\n<li>2 boites de volants<\/li>\n<li>Une trousse de premiers soins<\/li>\n<li>Un bac \u00e0 glace<\/li>\n<\/ul>\n<p class=\"ms-rteFontSize-3 ms-rteThemeFontFace-2\">\n<p class=\"ms-rteFontSize-3 ms-rteThemeFontFace-2\">150 \u00e9l\u00e8ves ont particip\u00e9 \u00e0 la remise des r\u00e9compenses. Ils se sont vus offert une boisson YOP \u00e0 la fin de la c\u00e9r\u00e9monie.<\/p>\n<p class=\"ms-rteFontSize-3 ms-rteThemeFontFace-2\">\n<p class=\"ms-rteFontSize-3 ms-rteThemeFontFace-2\"><a href=\"http:\/\/msc2020.govmu.org\/msc\/?page_id=58\">View Pictures in Media Library\u00a0\u200b\u200b<\/a><\/p>\n<p>[\/vc_column_text][\/vc_column][\/vc_row]<\/p>\n","protected":false},"excerpt":{"rendered":"<p>[vc_row][vc_column][vc_column_text] Yop Athlete Award of the Month at Keats College [\/vc_column_text][\/vc_column][\/vc_row][vc_row css=&#8221;.vc_custom_1595849382601{margin-top: 30px !important;}&#8221;][vc_column][vc_column_text] La c\u00e9r\u00e9monie de remise de r\u00e9compenses pour les laur\u00e9ats du &#8220;YOP ATHLETE AWARD&#8221; pour les mois d\u2019avril \u00e0 juin 2019 eut lieu au Keats College \u00e0 Chemin Grenier le vendredi 27 septembre 2019 devant un parterre compos\u00e9 de personnalit\u00e9s suivantes : [&hellip;]<\/p>\n","protected":false},"author":1,"featured_media":0,"parent":0,"menu_order":0,"comment_status":"closed","ping_status":"closed","template":"","meta":{"ngg_post_thumbnail":0,"footnotes":""},"class_list":["post-387","page","type-page","status-publish","hentry"],"_links":{"self":[{"href":"https:\/\/mauritiussportscouncil.govmu.org\/mauritiussportscouncil\/index.php?rest_route=\/wp\/v2\/pages\/387","targetHints":{"allow":["GET"]}}],"collection":[{"href":"https:\/\/mauritiussportscouncil.govmu.org\/mauritiussportscouncil\/index.php?rest_route=\/wp\/v2\/pages"}],"about":[{"href":"https:\/\/mauritiussportscouncil.govmu.org\/mauritiussportscouncil\/index.php?rest_route=\/wp\/v2\/types\/page"}],"author":[{"embeddable":true,"href":"https:\/\/mauritiussportscouncil.govmu.org\/mauritiussportscouncil\/index.php?rest_route=\/wp\/v2\/users\/1"}],"replies":[{"embeddable":true,"href":"https:\/\/mauritiussportscouncil.govmu.org\/mauritiussportscouncil\/index.php?rest_route=%2Fwp%2Fv2%2Fcomments&post=387"}],"version-history":[{"count":3,"href":"https:\/\/mauritiussportscouncil.govmu.org\/mauritiussportscouncil\/index.php?rest_route=\/wp\/v2\/pages\/387\/revisions"}],"predecessor-version":[{"id":5271,"href":"https:\/\/mauritiussportscouncil.govmu.org\/mauritiussportscouncil\/index.php?rest_route=\/wp\/v2\/pages\/387\/revisions\/5271"}],"wp:attachment":[{"href":"https:\/\/mauritiussportscouncil.govmu.org\/mauritiussportscouncil\/index.php?rest_route=%2Fwp%2Fv2%2Fmedia&parent=387"}],"curies":[{"name":"wp","href":"https:\/\/api.w.org\/{rel}","templated":true}]}}