{"id":562,"date":"2020-07-20T07:37:55","date_gmt":"2020-07-20T07:37:55","guid":{"rendered":"http:\/\/localhost\/msc\/?page_id=562"},"modified":"2020-07-28T08:28:58","modified_gmt":"2020-07-28T08:28:58","slug":"yop-athlete-award-of-the-month-at-st-andrews-school","status":"publish","type":"page","link":"https:\/\/mauritiussportscouncil.govmu.org\/mauritiussportscouncil\/?page_id=562","title":{"rendered":"Yop Athlete Award of the Month at St Andrews School"},"content":{"rendered":"<p>[vc_row][vc_column][vc_column_text]<\/p>\n<h3>Yop Athlete Award of the Month at St Andrews School<\/h3>\n<p>[\/vc_column_text][\/vc_column][\/vc_row][vc_row css=&#8221;.vc_custom_1595924033735{margin-top: 30px !important;}&#8221;][vc_column][vc_column_text]<\/p>\n<div><span lang=\"FR\">La c\u00e9r\u00e9monie de remise des r\u00e9compenses pour les laur\u00e9ats du &#8220;YOP ATHELE AWARD&#8221; pour les mois de janvier \u00e0 mars 2016 eut lieu \u00e0\u00a0l\u2019\u00e9cole de St Andrews \u00e0 Rose Hill, lundi 06 juin 2016 devant un parterre compos\u00e9 des personnalit\u00e9s suivantes:<\/span><\/div>\n<div><span lang=\"FR\">\u00a0<\/span><\/div>\n<div><span lang=\"FR\">\u00b7\u00a0\u00a0\u00a0\u00a0\u00a0\u00a0\u00a0\u00a0\u00a0<\/span><span lang=\"FR\">de la Pr\u00e9sidente du Mauritius Sports Council, Mme Sarah Rawat Currimjee et membres;<\/span><\/div>\n<div><span lang=\"FR\">\u00b7\u00a0\u00a0\u00a0\u00a0\u00a0\u00a0\u00a0\u00a0\u00a0<\/span><span lang=\"FR\">de Melle. Magalie Karuppannen, repr\u00e9sentante de \u2018Panagora Marketing Company Limited\u2019;<\/span><\/div>\n<div><span lang=\"FR\">\u00b7\u00a0\u00a0\u00a0\u00a0\u00a0\u00a0\u00a0\u00a0\u00a0<\/span><span lang=\"FR\">Melle F. Laventure, rectrice de l\u2019\u00e9tablissement scolaire;<\/span><\/div>\n<div><span lang=\"FR\">\u00b7\u00a0\u00a0\u00a0\u00a0\u00a0\u00a0\u00a0\u00a0\u00a0<\/span><span lang=\"FR\">Le personnel enseignant et \u00e9tudiants et<\/span><\/div>\n<div><span lang=\"FR\">\u00b7\u00a0\u00a0\u00a0\u00a0\u00a0\u00a0\u00a0\u00a0\u00a0<\/span><span lang=\"FR\">membre de la presse \u00e9crite<\/span><\/div>\n<div><span lang=\"FR\">\u00a0<\/span><\/div>\n<div><span lang=\"FR\">Le \u2018Yop Athl\u00e8te Award of the Month\u2019 est b\u00e9n\u00e9fique\u00a0 pour les athl\u00e8tes et les \u00e9l\u00e8ves et qui a pour but, de r\u00e9compenser nos athl\u00e8tes de plus de 16 ans\u00a0 qui ont brill\u00e9 sur le plan national et international. Ces champions sont des exemples pour nos jeunes d\u2019aujourd\u2019hui et le MSC encourage les \u00e9tudiants des \u00e9tablissements scolaires \u00e0 les suivre et \u00e0 faire du sport.\u00a0<\/span><\/div>\n<div><span lang=\"FR\">\u00a0<\/span><\/div>\n<div><span lang=\"FR\">Les gagnants du Yop Award ont \u00e9t\u00e9 r\u00e9compens\u00e9s comme suit;<\/span><\/div>\n<div><span lang=\"FR\"><br \/>\n\u2022 un troph\u00e9e, un certificat et un ch\u00e8que de Rs 3,000\/- offerts par le Mauritius Sports Council<br \/>\n\u2022 un cheque de Rs 3,000\/- et des produits YOP offerts par Panagora Marketing Company Limited.<\/span><\/div>\n<div><span lang=\"FR\">\u00a0<\/span><\/div>\n<div><b><span lang=\"FR\">Les Gagnants<\/span><\/b><\/div>\n<div><span lang=\"FR\">\u00a0<\/span><\/div>\n<div><b><span lang=\"FR\">Janvier 2016- Mohammad Ilshad DOOKUN (Athl\u00e9tisme)\u00a0<\/span><\/b><span lang=\"FR\">\u00a0<\/span><\/div>\n<div><span lang=\"FR\">\u00a0<\/span><\/div>\n<div><span lang=\"FR\">Un tout jeune athl\u00e8te, tr\u00e8s performant et tr\u00e8s prometteur, qui s\u2019entraine tr\u00e8s dur pour arriver au plus haut niveau; il court pour s\u2019exprimer et remporta le \u2018Vital Cross Country League\u2019 de 8.5 km en janvier dernier. Il est \u00e0 noter qu\u2019il a r\u00e9cemment fait tr\u00e8s fort au dernier \u2018Meeting International\u2019 \u00e0 Maurice en enlevant le 1500 m devant les k\u00e9nyans, avec un record de la discipline \u00e0 la clef, vieux de 38 ans.<\/span><\/div>\n<div><span lang=\"FR\">\u00a0<\/span><\/div>\n<div><span lang=\"FR\">Avec de telles performances, le Mauritius Sports Council a honor\u00e9 Mohammad Ilshad DOOKUN comme \u00e9tant le meilleur athl\u00e8te du mois de janvier.<\/span><\/div>\n<div><span lang=\"FR\">\u00a0<\/span><\/div>\n<div><b><span lang=\"FR\">F\u00e9vrier\u00a0\u00a02016-<\/span><\/b><span lang=\"FR\">\u00a0<b>Richarno COLIN (Boxe)<\/b><\/span><\/div>\n<div><span lang=\"FR\">\u00a0<\/span><\/div>\n<div><span lang=\"FR\">Boxeur dans l\u2019\u00e2me, dans la cat\u00e9gorie des 64 kg notre athl\u00e8te du mois de f\u00e9vrier participa au \u2018Bocksai Cup\u2019 en Hongrie. Sur les 29 pays participants et 9 participants dans la cat\u00e9gorie respective, notre champion finit sur la troisi\u00e8me marche du podium.<\/span><\/div>\n<div><span lang=\"FR\">\u00a0<\/span><\/div>\n<div><span lang=\"FR\">Toujours fid\u00e8le a son pays avec un \u2018fighting spirit\u2019, Louis Richarno COLIN est d\u00e9sign\u00e9 l\u2019athl\u00e8te du mois de f\u00e9vrier 2016.<\/span><\/div>\n<div><span lang=\"FR\">\u00a0<\/span><\/div>\n<div><b><span lang=\"FR\">Mars 2016-Kennedy ST PIERRE (Boxe)<\/span><\/b><\/div>\n<div><b><span lang=\"FR\">\u00a0<\/span><\/b><\/div>\n<div><span lang=\"FR\">Boxeur qu\u2019on ne pr\u00e9sente plus de nos jours, il s\u2019est fait connaitre en remportant la m\u00e9daille d\u2019argent au dernier Jeux du Commonwealth \u00e0 Glasgow et une m\u00e9daille d\u2019or au dernier \u2018All Africa Games\u2019. Il nous revient avec une m\u00e9daille d\u2019or, remporter \u00e0 \u2018l\u2019African Qualification Event\u2019, tenu au Cameroun avec 30 pays participants et 14 participants respectivement.<\/span><\/div>\n<div><span lang=\"FR\">\u00a0<\/span><\/div>\n<div><span lang=\"EN-GB\">Des performances qui ne font que tomber et que le Mauritius Sports Council salut. Kennedy ST PIERRE, avec de telles performances est d\u00e9sign\u00e9 l\u2019athl\u00e8te du mois de mars.<\/span><\/div>\n<div><b><span lang=\"FR\">\u00a0<\/span><\/b><\/div>\n<div><b><i><span lang=\"FR\">Interludes<\/span><\/i><\/b><\/div>\n<div><b><i><span lang=\"FR\">\u00a0<\/span><\/i><\/b><\/div>\n<div><span lang=\"FR\">\u00b7\u00a0\u00a0\u00a0\u00a0\u00a0\u00a0\u00a0\u00a0\u00a0<\/span><span lang=\"FR\">Slam ex\u00e9cut\u00e9 par Matthew Power\u00a0;<\/span><\/div>\n<div><span lang=\"FR\">\u00b7\u00a0\u00a0\u00a0\u00a0\u00a0\u00a0\u00a0\u00a0\u00a0<\/span><span lang=\"FR\">Un chant par les \u00e9l\u00e8ves\u00a0;<\/span><\/div>\n<div>\n<p><span lang=\"FR\">\u00b7\u00a0\u00a0\u00a0\u00a0\u00a0\u00a0\u00a0\u00a0\u00a0<\/span><span lang=\"FR\">Violon jou\u00e9 par Sandra Colony (Professeur de l\u2019\u00e9tablissement scolaire)<\/span><\/p>\n<p><span lang=\"FR\">\u00a0<\/span><\/p>\n<\/div>\n<div><span lang=\"FR\">La compagnie Panagora Marketing a eu le plaisir d\u2019offrir au coll\u00e8ge un lot d\u2019\u00e9quipements sportifs que les \u00e9tudiants auront l\u2019occasion d\u2019utiliser. Les \u00e9quipements comme suit ont \u00e9t\u00e9 remis \u00e0 deux \u00e9tudiants, Melle O. Newksee et Mons. F. Mathieu:<\/span><\/div>\n<div><span lang=\"FR\">\u00a0<\/span><\/div>\n<div><span lang=\"EN-GB\">\u00b7\u00a0\u00a0\u00a0\u00a0\u00a0\u00a0\u00a0\u00a0\u00a0<\/span><span lang=\"EN-GB\">2 ballons de foot<\/span><\/div>\n<div><span lang=\"EN-GB\">\u00b7\u00a0\u00a0\u00a0\u00a0\u00a0\u00a0\u00a0\u00a0\u00a0<\/span><span lang=\"EN-GB\">2 ballons de Volley<\/span><\/div>\n<div><span lang=\"EN-GB\">\u00b7\u00a0\u00a0\u00a0\u00a0\u00a0\u00a0\u00a0\u00a0\u00a0<\/span><span lang=\"EN-GB\">2 ballons de basket<\/span><\/div>\n<div><span lang=\"EN-GB\">\u00b7\u00a0\u00a0\u00a0\u00a0\u00a0\u00a0\u00a0\u00a0\u00a0<\/span><span lang=\"EN-GB\">Des cordes \u00e0 sauter<\/span><\/div>\n<div><span lang=\"EN-GB\">\u00b7\u00a0\u00a0\u00a0\u00a0\u00a0\u00a0\u00a0\u00a0\u00a0<\/span><span lang=\"EN-GB\">2 paires de raquettes de badminton<\/span><\/div>\n<div><span lang=\"FR\">\u00a0<\/span><\/div>\n<div><span lang=\"FR\">Une trousse de premier soin et un Bac \u00e0 glace ont \u00e9t\u00e9 offerts \u00e0 l\u2019\u00e9tablissement scolaire pour les premiers soins et en cas de blessure pendant les activit\u00e9s physiques.<\/span><\/div>\n<div><span lang=\"FR\">\u00a0<\/span><\/div>\n<div><span lang=\"FR\">A la fin de la c\u00e9r\u00e9monie, les boissons Yop ont \u00e9t\u00e9 distribu\u00e9es aux \u00e9tudiants.<\/span><\/div>\n<div><\/div>\n<div><\/div>\n<div style=\"padding-top:20px;\"><a href=\"http:\/\/msc2020.govmu.org\/msc\/?page_id=58\">View Pictures in Media Library<\/a><\/div>\n<p>&nbsp;[\/vc_column_text][\/vc_column][\/vc_row]<\/p>\n","protected":false},"excerpt":{"rendered":"<p>[vc_row][vc_column][vc_column_text] Yop Athlete Award of the Month at St Andrews School [\/vc_column_text][\/vc_column][\/vc_row][vc_row css=&#8221;.vc_custom_1595924033735{margin-top: 30px !important;}&#8221;][vc_column][vc_column_text] La c\u00e9r\u00e9monie de remise des r\u00e9compenses pour les laur\u00e9ats du &#8220;YOP ATHELE AWARD&#8221; pour les mois de janvier \u00e0 mars 2016 eut lieu \u00e0\u00a0l\u2019\u00e9cole de St Andrews \u00e0 Rose Hill, lundi 06 juin 2016 devant un parterre compos\u00e9 des personnalit\u00e9s [&hellip;]<\/p>\n","protected":false},"author":1,"featured_media":0,"parent":0,"menu_order":0,"comment_status":"closed","ping_status":"closed","template":"","meta":{"ngg_post_thumbnail":0,"footnotes":""},"class_list":["post-562","page","type-page","status-publish","hentry"],"_links":{"self":[{"href":"https:\/\/mauritiussportscouncil.govmu.org\/mauritiussportscouncil\/index.php?rest_route=\/wp\/v2\/pages\/562","targetHints":{"allow":["GET"]}}],"collection":[{"href":"https:\/\/mauritiussportscouncil.govmu.org\/mauritiussportscouncil\/index.php?rest_route=\/wp\/v2\/pages"}],"about":[{"href":"https:\/\/mauritiussportscouncil.govmu.org\/mauritiussportscouncil\/index.php?rest_route=\/wp\/v2\/types\/page"}],"author":[{"embeddable":true,"href":"https:\/\/mauritiussportscouncil.govmu.org\/mauritiussportscouncil\/index.php?rest_route=\/wp\/v2\/users\/1"}],"replies":[{"embeddable":true,"href":"https:\/\/mauritiussportscouncil.govmu.org\/mauritiussportscouncil\/index.php?rest_route=%2Fwp%2Fv2%2Fcomments&post=562"}],"version-history":[{"count":2,"href":"https:\/\/mauritiussportscouncil.govmu.org\/mauritiussportscouncil\/index.php?rest_route=\/wp\/v2\/pages\/562\/revisions"}],"predecessor-version":[{"id":5285,"href":"https:\/\/mauritiussportscouncil.govmu.org\/mauritiussportscouncil\/index.php?rest_route=\/wp\/v2\/pages\/562\/revisions\/5285"}],"wp:attachment":[{"href":"https:\/\/mauritiussportscouncil.govmu.org\/mauritiussportscouncil\/index.php?rest_route=%2Fwp%2Fv2%2Fmedia&parent=562"}],"curies":[{"name":"wp","href":"https:\/\/api.w.org\/{rel}","templated":true}]}}