{"id":583,"date":"2020-07-20T07:38:04","date_gmt":"2020-07-20T07:38:04","guid":{"rendered":"http:\/\/localhost\/msc\/?page_id=583"},"modified":"2020-07-28T10:06:16","modified_gmt":"2020-07-28T10:06:16","slug":"yop-athlete-award-of-the-month-at-dr-regis-chaperon-sss","status":"publish","type":"page","link":"https:\/\/mauritiussportscouncil.govmu.org\/mauritiussportscouncil\/?page_id=583","title":{"rendered":"Yop Athlete Award of the Month at Dr Regis Chaperon SSS"},"content":{"rendered":"<p>[vc_row][vc_column][vc_column_text]<\/p>\n<h3>Yop Athlete Award of the Month at Dr Regis Chaperon SSS<\/h3>\n<p>[\/vc_column_text][\/vc_column][\/vc_row][vc_row css=&#8221;.vc_custom_1595927467691{margin-top: 30px !important;}&#8221;][vc_column][vc_column_text]<\/p>\n<p style=\"font-weight: 400;\">La c\u00e9r\u00e9monie de remise des r\u00e9compenses pour les laur\u00e9ats du &#8220;YOP ATHELE AWARD&#8221; pour les mois d\u2019octobre, novembre, d\u00e9cembre 2014 et janvier, f\u00e9vrier et mars 2015 eut lieu au College Dr Regis Chaperon SSS \u00e0 Belle Rose, le lundi 31 ao\u00fbt 2015 devant un parterre compos\u00e9 des personnalit\u00e9s suivantes:<\/p>\n<ul style=\"font-weight: 400;\">\n<li>de l\u2019honorable Yogida Sawmynaden, Ministre de la Jeunesse et des Sports<\/li>\n<li>de la Pr\u00e9sidente du Mauritius Sports Council, Mme Sarah Rawat Currimjee et membres<\/li>\n<li>de Melle. Stephanie Heerah, \u2018Marketing &amp; Customer Relations Manager de \u2018Panagora Marketing Company Limited<\/li>\n<li>de Mme. Anabelle Fanchette \u2013Thomas, \u2018\u2018Brand Manager\u2019 de \u2018Panagora Marketing Company Limited\u2019<\/li>\n<li>Les conseillers au Minist\u00e8re de la Jeunesse et des Sports<\/li>\n<li>de Monsieur Azize Moosuddee, recteur de l\u2019\u00e9tablissement scolaire<\/li>\n<li>de Monsieur Gooly, Assistant recteur<\/li>\n<li>de Mme Jahall, \u2018School Superintendant\u2019,<\/li>\n<li>de Monsieur Rassoul, \u2018P.E Educator\u2019<\/li>\n<li>Le personnel enseignant et \u00e9tudiants et<\/li>\n<li>membre de la presse \u00e9crite et parl\u00e9e<\/li>\n<\/ul>\n<p style=\"font-weight: 400;\">Il est maintenant une coutume pour le Mauritius Sports Council de r\u00e9compenser les athl\u00e8tes qui ont brill\u00e9 sur le plan national et international, faisant ainsi honneur au petit pays qui est le notre. Le \u2018YOP Athl\u00e8te of the Month Award\u2019, reconnais, a travers leurs performances, les valeurs de nos champions et ainsi, les valorise et les prends comme mod\u00e8le afin d\u2019encourager les enfants \u00e0 faire du sport.<\/p>\n<p style=\"font-weight: 400;\">Le Mauritius Sports Council tient \u00e0 mettre de l\u2019avant l\u2019excellent partenariat qu\u2019il entretient avec la compagnie \u2018Panagora Marketing Co Ltd\u2019.<\/p>\n<p style=\"font-weight: 400;\">C\u2019est aussi gr\u00e2ce au sponsor au nom de la compagnie Panagora Marketing Co Ltd que c\u2019est possible pour le MSC de mettre ses projets sur pieds.<\/p>\n<p>Le \u2018Yop Athl\u00e8te Award of the Month\u2019 est b\u00e9n\u00e9fique\u00a0 pour les athl\u00e8tes et les \u00e9l\u00e8ves et qui a pour but, de r\u00e9compenser nos athl\u00e8tes de plus de 16 ans\u00a0 qui ont brill\u00e9 sur le plan national et international. Ces champions sont des exemples pour nos jeunes d\u2019aujourd\u2019hui et le MSC encourage les \u00e9tudiants des \u00e9tablissements scolaires \u00e0 les suivre et \u00e0 faire du sport.<\/p>\n<p style=\"font-weight: 400;\">Les gagnants du Yop Award ont \u00e9t\u00e9 r\u00e9compens\u00e9s comme suit;<\/p>\n<p>\u2022 un troph\u00e9e, un certificat et un ch\u00e8que de Rs 3,000\/- offerts par le Mauritius Sports Council<br \/>\n\u2022 un cheque de Rs 3,000\/- et des produits YOP offerts par Panagora Marketing Company Limited.<\/p>\n<p>&nbsp;<\/p>\n<p style=\"font-weight: 400;\"><strong>Les Gagnants<\/strong><\/p>\n<p style=\"font-weight: 400;\"><strong>Octobre 2014- Christiane LEGENTIL- Judo<\/strong><\/p>\n<p style=\"font-weight: 400;\">Notre Judokate participa au Grand Prix ASTANA au Kazastan tenu le 9 Octobre 2014 et s\u2019illustra fort bien en remportant la m\u00e9daille d\u2019argent chez les moins de 52kg, avec 36 pays participants et 22 participants respectivement.<\/p>\n<p style=\"font-weight: 400;\">Pour une telle performance, la MSC a donc eu le plaisir d\u2019attribuer \u00e0 Christiane LEGENTIL le titre du meilleure athl\u00e8te du mois d\u2019octobre 2014.<\/p>\n<p>&nbsp;<\/p>\n<p style=\"font-weight: 400;\"><strong>Novembre 2014- Kate FOO KUNE \u2013 Badminton<\/strong><\/p>\n<p style=\"font-weight: 400;\">Notre championne prit part au \u2018Morocco International\u2019 de badminton qui s\u2019est tenu au Maroc du 6 au 9 novembre 2014. Avec 8 pays participants et 16 participants en simple dames, notre athl\u00e8te du mois fit son petit bonhomme de chemin pour s\u2019approprier la deuxi\u00e8me place du podium\u00a0; une performance plus qu\u2019honorable.<\/p>\n<p style=\"font-weight: 400;\">Pour cette performance, Kate FOO KUNE est d\u00e9sign\u00e9 la meilleure athl\u00e8te du mois de Novembre 2014.<\/p>\n<p>&nbsp;<\/p>\n<p style=\"font-weight: 400;\"><strong>D\u00e9cembre 2014- Joseph Kennedy ST PIERRE \u2013 Boxe<\/strong><\/p>\n<p style=\"font-weight: 400;\">Notre compatriote mauricien prit part \u00e0 \u2018l\u2019APB match for Champion\u2019 qui s\u2019est tenu en Bulgarie du 8 au 12 d\u00e9cembre 2014. Avec 8 pays participants et 8 participants dans la cat\u00e9gorie des 81 kg, notre champion remporta la victoire par KO Technique (TKO) au 5eme round et se qualifia pour la finale du premier APB Rankine Tite Cycle 1 qui s\u2019et tenu le 15 janvier dernier.<\/p>\n<p style=\"font-weight: 400;\">La MSC a eu le plaisir de d\u00e9cerner le titre de meilleur athl\u00e8te du mois de d\u00e9cembre \u00e0 Joseph Kennedy ST PIERRE.<\/p>\n<p>&nbsp;<\/p>\n<p style=\"font-weight: 400;\"><strong>Janvier 2015- Am\u00e9lie BOY- Tennis<\/strong><\/p>\n<p style=\"font-weight: 400;\">Notre Championne participa \u00e0 l\u2019ITF\/CAT Southern African Junior Championships du 10 au 13 et 14 au 17 janvier 2015 \u00e0 Garborone au Botswana. Avec 8 et 9 pays participants respectivement, notre tenniswoman remporta la m\u00e9daille d\u2019argent en double fille chez les moins de 16 ans.<\/p>\n<p style=\"font-weight: 400;\">La MSC \u00e0 eu le plaisir de d\u00e9cerner le titre du meilleur athl\u00e8te du mois de janvier \u00e0 Am\u00e9lie BOY.<\/p>\n<p>&nbsp;<\/p>\n<p style=\"font-weight: 400;\"><strong>F\u00e9vrier 2015-\u00a0<\/strong><strong>Jessika ROSUN<\/strong><strong>\u00a0\u2013 Athl\u00e9tisme<\/strong><\/p>\n<p style=\"font-weight: 400;\">Notre athl\u00e8te du mois de f\u00e9vrier participa \u00e0 une comp\u00e9tition au Sud Afrique, le\u00a0\u2018Boland Central High School Championship\u2019 o\u00f9 elle am\u00e9liora sa performance personnelle au lancer du javelot, le portant \u00e0 50 m 66. Avec 5 pays participants et 12 participants, notre lanceuse de javelot fit une performance plus qu\u2019honorable.<\/p>\n<p style=\"font-weight: 400;\">La MSC a eu le plaisir de d\u00e9cerner le titre du meilleur athl\u00e8te du mois de janvier \u00e0 Jessika ROSUN.<\/p>\n<p>&nbsp;<\/p>\n<p style=\"font-weight: 400;\"><strong>Mars 2015- Timoth\u00e9e HUGNIN- Triathlon<\/strong><\/p>\n<p style=\"font-weight: 400;\">Etant une \u00e9toile montante du triathlon, tr\u00e8s s\u00e9rieux dans ses entrainements \u00e0 force de 6 fois par semaine et \u00e9voluant sous la f\u00e9rule d\u2019un entraineur Sud Africain, Mons. Claire Horner, notre athl\u00e8te du mois de mars participa \u00e0 une comp\u00e9tition internationale au \u2018Buffalo City Triathlon Competition\u2019 tenu le premier du mois de mars 2015 au Sud Afrique. Ag\u00e9 de 16 ans, il prit part dans la cat\u00e9gorie des moins de 17 ans ou il prit la troisi\u00e8me place sur 24 participants.<\/p>\n<p style=\"font-weight: 400;\">La MSC a eu le plaisir de d\u00e9cerner le titre du meilleur athl\u00e8te du mois de mars\u00a0\u00e0\u00a0Timoth\u00e9e HUGNIN.<\/p>\n<p style=\"font-weight: 400;\">La compagnie Panagora Marketing Company Limited a eu le plaisir d\u2019offrir au coll\u00e8ge un lot d\u2019\u00e9quipements sportifs que les \u00e9tudiants auront l\u2019occasion d\u2019utiliser. Les \u00e9quipements comme suit ont \u00e9t\u00e9 remis au recteur\u00a0:<\/p>\n<ul>\n<li style=\"font-weight: 400;\">Un ballon de foot<\/li>\n<li style=\"font-weight: 400;\">Un ballon de Volley<\/li>\n<li style=\"font-weight: 400;\">Un ballon de basket<\/li>\n<li style=\"font-weight: 400;\">Des Cordes \u00e0 sauter<\/li>\n<li style=\"font-weight: 400;\">2 paires de raquettes de badminton<\/li>\n<li style=\"font-weight: 400;\">Une trousse de premier soin<\/li>\n<li style=\"font-weight: 400;\">Un Bac \u00e0 glace<\/li>\n<\/ul>\n<p style=\"font-weight: 400; padding-top:20px;\">A la fin de la c\u00e9r\u00e9monie, les boissons Yop ont \u00e9t\u00e9 distribu\u00e9es aux \u00e9tudiants.<\/p>\n<p style=\"font-weight: 400;\"><a href=\"http:\/\/msc2020.govmu.org\/msc\/?page_id=58\">View Pictures in Media Library<\/a><\/p>\n<p>[\/vc_column_text][\/vc_column][\/vc_row]<\/p>\n","protected":false},"excerpt":{"rendered":"<p>[vc_row][vc_column][vc_column_text] Yop Athlete Award of the Month at Dr Regis Chaperon SSS [\/vc_column_text][\/vc_column][\/vc_row][vc_row css=&#8221;.vc_custom_1595927467691{margin-top: 30px !important;}&#8221;][vc_column][vc_column_text] La c\u00e9r\u00e9monie de remise des r\u00e9compenses pour les laur\u00e9ats du &#8220;YOP ATHELE AWARD&#8221; pour les mois d\u2019octobre, novembre, d\u00e9cembre 2014 et janvier, f\u00e9vrier et mars 2015 eut lieu au College Dr Regis Chaperon SSS \u00e0 Belle Rose, le lundi [&hellip;]<\/p>\n","protected":false},"author":1,"featured_media":0,"parent":0,"menu_order":0,"comment_status":"closed","ping_status":"closed","template":"","meta":{"ngg_post_thumbnail":0,"footnotes":""},"class_list":["post-583","page","type-page","status-publish","hentry"],"_links":{"self":[{"href":"https:\/\/mauritiussportscouncil.govmu.org\/mauritiussportscouncil\/index.php?rest_route=\/wp\/v2\/pages\/583","targetHints":{"allow":["GET"]}}],"collection":[{"href":"https:\/\/mauritiussportscouncil.govmu.org\/mauritiussportscouncil\/index.php?rest_route=\/wp\/v2\/pages"}],"about":[{"href":"https:\/\/mauritiussportscouncil.govmu.org\/mauritiussportscouncil\/index.php?rest_route=\/wp\/v2\/types\/page"}],"author":[{"embeddable":true,"href":"https:\/\/mauritiussportscouncil.govmu.org\/mauritiussportscouncil\/index.php?rest_route=\/wp\/v2\/users\/1"}],"replies":[{"embeddable":true,"href":"https:\/\/mauritiussportscouncil.govmu.org\/mauritiussportscouncil\/index.php?rest_route=%2Fwp%2Fv2%2Fcomments&post=583"}],"version-history":[{"count":5,"href":"https:\/\/mauritiussportscouncil.govmu.org\/mauritiussportscouncil\/index.php?rest_route=\/wp\/v2\/pages\/583\/revisions"}],"predecessor-version":[{"id":5291,"href":"https:\/\/mauritiussportscouncil.govmu.org\/mauritiussportscouncil\/index.php?rest_route=\/wp\/v2\/pages\/583\/revisions\/5291"}],"wp:attachment":[{"href":"https:\/\/mauritiussportscouncil.govmu.org\/mauritiussportscouncil\/index.php?rest_route=%2Fwp%2Fv2%2Fmedia&parent=583"}],"curies":[{"name":"wp","href":"https:\/\/api.w.org\/{rel}","templated":true}]}}