{"id":968,"date":"2020-07-20T10:13:01","date_gmt":"2020-07-20T10:13:01","guid":{"rendered":"http:\/\/localhost\/msc\/?page_id=968"},"modified":"2020-07-29T07:36:19","modified_gmt":"2020-07-29T07:36:19","slug":"milo-young-athlete-award-at-mado-gopaul-govt-school","status":"publish","type":"page","link":"https:\/\/mauritiussportscouncil.govmu.org\/mauritiussportscouncil\/?page_id=968","title":{"rendered":"Milo Young Athlete Award at Mado Gopaul Govt School"},"content":{"rendered":"<p>[vc_row][vc_column][vc_column_text]<\/p>\n<h3 class=\"FL\">Milo Young Athlete Award at Mado Gopaul Govt School<\/h3>\n<p>[\/vc_column_text][\/vc_column][\/vc_row][vc_row][vc_column][vc_column_text css=&#8221;.vc_custom_1596008169284{margin-top: 30px !important;}&#8221;]<\/p>\n<div><span lang=\"FR\">La c\u00e9r\u00e9monie du \u2018Milo Young Athlete Award\u2019 pour les mois d\u2019octobre\u00a0\u00e0 d\u00e9cembre 2015 eut lieu \u00e0 l\u2019\u00e9cole Primaire de Mado Gopaul\u00a0<\/span><span lang=\"FR\">\u00e0 Vacoas<\/span><span lang=\"FR\">, lundi 09 mai 2015 devant un parterre compos\u00e9 des personnalit\u00e9s suivantes:<\/span><\/div>\n<div><span lang=\"FR\">\u00b7\u00a0\u00a0\u00a0\u00a0\u00a0\u00a0\u00a0\u00a0\u00a0<\/span><span lang=\"FR\">Madame Sarah Rawat Currimjee, Pr\u00e9sidente du Mauritius Sports Council et membres\u00a0;<\/span><\/div>\n<div><span lang=\"FR\">\u00b7\u00a0\u00a0\u00a0\u00a0\u00a0\u00a0\u00a0\u00a0\u00a0<\/span><span lang=\"FR\">Monsieur\u00a0 Alan Brelu, \u2018Country Manager, de Nestl\u00e9 Products (Mtius) Ltd\u00a0;<\/span><\/div>\n<div>\u00b7\u00a0\u00a0\u00a0\u00a0\u00a0\u00a0\u00a0\u00a0\u00a0Monsieur Kushal Dinaran, \u2018Category Development Manager\u2019 de Nestl\u00e9 Products (Mtius) Ltd\u00a0;<\/div>\n<div><span lang=\"FR\">\u00b7\u00a0\u00a0\u00a0\u00a0\u00a0\u00a0\u00a0\u00a0\u00a0<\/span><span lang=\"FR\">Madame Dhanwantee Ramkissen, la maitresse d\u2019\u00e9cole, enseignants et \u00e9l\u00e8ves\u00a0;<\/span><\/div>\n<div><span lang=\"FR\">\u00b7\u00a0\u00a0\u00a0\u00a0\u00a0\u00a0\u00a0\u00a0\u00a0<\/span><span lang=\"FR\">Madame Sohun, presidente du \u2018Parent Teachers Association\u2019 (PTA)\u00a0;<\/span><\/div>\n<div><span lang=\"FR\">\u00b7\u00a0\u00a0\u00a0\u00a0\u00a0\u00a0\u00a0\u00a0\u00a0<\/span><span lang=\"FR\">Les athl\u00e8tes\u00a0et parents\u00a0;<\/span><\/div>\n<div>\n<p><span lang=\"FR\">\u00b7\u00a0\u00a0\u00a0\u00a0\u00a0\u00a0\u00a0\u00a0\u00a0<\/span><span lang=\"FR\">membres de la presse<\/span><\/p>\n<p>Il est maintenant coutume de r\u00e9compenser les athl\u00e8tes qui ont brill\u00e9 sur le plan national et international, faisant ainsi honneur au pays qui est le notre. Le \u2018Milo\u00a0 Young Athlete Award\u2019, reconnait, a travers leurs performances, les valeurs de nos champions et ainsi, les valorise et les prends comme mod\u00e8le afin d\u2019encourager les jeunes \u00e0 faire du sport d\u00e8s leurs plus jeune \u00e2ge.<\/p>\n<\/div>\n<div><span lang=\"FR\">\u00a0<\/span><\/div>\n<div>\n<p><span lang=\"FR\">Les gagnants ont \u00e9t\u00e9 r\u00e9compens\u00e9s comme suit:<\/span><\/p>\n<p>\u2022 un &#8220;shield&#8221; et un ch\u00e8que de Rs 2,000\/- offerts par le Mauritius Sports Council<br \/>\n\u2022 un certificat, un cheque de Rs 2,000\/-, des cadeaux et des produits Milo offerts par la compagnie Nestl\u00e9 Products (Mtius) Ltd\u00a0;<\/p>\n<\/div>\n<div><span lang=\"FR\">\u00a0<\/span><\/div>\n<div><b><i><span lang=\"FR\">Octobre 2015-\u00a0\u00a0<\/span><\/i><\/b><b><span lang=\"FR\">Ketty LENT<i>\u00a0(Halt\u00e9rophilie)<\/i><\/span><\/b><\/div>\n<div><span lang=\"FR\">C\u2019est une athl\u00e8te qui participa pendant le mois d\u2019octobre 2015, au Championnat de Commonwealth en Inde.\u00a0\u00a0Elle prit part en Halt\u00e9rophilie dans la Cat\u00e9gorie de moins de 53 kgs et elle d\u00e9crocha la m\u00e9daille d\u2019Argent. <\/span><span lang=\"FR\">Pour une telle performance, la MSC a donc eu le plaisir de d\u00e9cerner le titre du meilleure athl\u00e8te du mois d\u2019octobre 2015 \u00e0 Ketty Lent.<\/span><\/div>\n<div><span lang=\"FR\">\u00a0<\/span><\/div>\n<div><b><i><span lang=\"FR\">Novembre 2015 \u2013\u00a0<\/span><\/i><\/b><b><span lang=\"FR\">Damien CHASTEAU DE BAYLON\u00a0<i> (Equestre)<\/i><\/span><\/b><span lang=\"FR\"><br \/>\nNotre champion prit part en World Jumping Challenge qui s\u2019est tenu \u00e0 Maurice en novembre 2015.\u00a0\u00a0C\u2019est un jeune qui s\u2019est mesur\u00e9 \u00e0 13 participants de cinq pays pour s\u2019approprier la m\u00e9daille de bronze et ainsi par la suite se classer 3eme au World Jumping Challenge au niveau r\u00e9gionale. <\/span><span lang=\"FR\">Pour cette performance, Damien Chasteau\u00a0\u00a0de Baylon est d\u00e9sign\u00e9\u00a0\u00a0meilleur athl\u00e8te du mois de novembre 2015.\u00a0<\/span><\/div>\n<div><span lang=\"FR\">\u00a0<\/span><\/div>\n<div><b><i><span lang=\"FR\">D\u00e9cembre 2015 \u2013\u00a0<\/span><\/i><\/b><b><span lang=\"FR\">Alexandre BONGOUT\u00a0<i>(Badminton)<\/i><\/span><\/b><\/div>\n<div><span lang=\"FR\">En d\u00e9cembre 2015, ce jeune badiste, prit part au \u2018All Africa Championship\u2019 en Sud Afrique.\u00a0\u00a0Cinq pays y participaient donc 10 \u00e9quipes et il monta sur la 3eme marche du podium et ainsi faisant honneur au pays. En vue de sa bonne performance,\u00a0\u00a0la MSC a eu le plaisir de d\u00e9cerner le titre du meilleur athl\u00e8te du mois de d\u00e9cembre 2015 \u00e0 Alexandre BONGOUT.\u00a0<\/span><\/div>\n<div><span lang=\"FR\"><br \/>\nLa compagnie Nestl\u00e9 Products (Mtius) Ltd\u00a0et le Mauritius Sports Council ont eu le plaisir d\u2019offrir \u00e0 l\u2019\u00e9cole des \u00e9quipements sportifs qui ont \u00e9t\u00e9 remis \u00e0 la maitresse d\u2019\u00e9cole.<\/span><\/div>\n<div><span lang=\"FR\">\u00a0<\/span><\/div>\n<div><span lang=\"FR\">Interlude\u00a0: 70 enfants ont \u00e9t\u00e9 invit\u00e9s \u00e0 ex\u00e9cuter des danses sous la houlette de Ruby Ramsamy (Keep Fit Coach) pour encourager les jeunes \u00e0 pratiquer les activit\u00e9s sportives.\u00a0\u00a0<\/span><\/div>\n<div><span lang=\"FR\">\u00a0<\/span><\/div>\n<div><span lang=\"FR\">Les boissons Milo ont aussi \u00e9t\u00e9 distribu\u00e9es aux \u00e9l\u00e8ves \u00e0 la fin de la c\u00e9r\u00e9monie.<\/span><\/div>\n<div><span lang=\"FR\">\u00a0<\/span><\/div>\n<div>\n<div><span lang=\"FR\"><a href=\"http:\/\/msc2020.govmu.org\/msc\/?page_id=58\">View Pictures in Media Library<\/a><\/span><\/div>\n<\/div>\n<p>[\/vc_column_text][\/vc_column][\/vc_row]<\/p>\n","protected":false},"excerpt":{"rendered":"<p>[vc_row][vc_column][vc_column_text] Milo Young Athlete Award at Mado Gopaul Govt School [\/vc_column_text][\/vc_column][\/vc_row][vc_row][vc_column][vc_column_text css=&#8221;.vc_custom_1596008169284{margin-top: 30px !important;}&#8221;] La c\u00e9r\u00e9monie du \u2018Milo Young Athlete Award\u2019 pour les mois d\u2019octobre\u00a0\u00e0 d\u00e9cembre 2015 eut lieu \u00e0 l\u2019\u00e9cole Primaire de Mado Gopaul\u00a0\u00e0 Vacoas, lundi 09 mai 2015 devant un parterre compos\u00e9 des personnalit\u00e9s suivantes: \u00b7\u00a0\u00a0\u00a0\u00a0\u00a0\u00a0\u00a0\u00a0\u00a0Madame Sarah Rawat Currimjee, Pr\u00e9sidente du Mauritius Sports [&hellip;]<\/p>\n","protected":false},"author":1,"featured_media":0,"parent":0,"menu_order":0,"comment_status":"closed","ping_status":"closed","template":"","meta":{"ngg_post_thumbnail":0,"footnotes":""},"class_list":["post-968","page","type-page","status-publish","hentry"],"_links":{"self":[{"href":"https:\/\/mauritiussportscouncil.govmu.org\/mauritiussportscouncil\/index.php?rest_route=\/wp\/v2\/pages\/968","targetHints":{"allow":["GET"]}}],"collection":[{"href":"https:\/\/mauritiussportscouncil.govmu.org\/mauritiussportscouncil\/index.php?rest_route=\/wp\/v2\/pages"}],"about":[{"href":"https:\/\/mauritiussportscouncil.govmu.org\/mauritiussportscouncil\/index.php?rest_route=\/wp\/v2\/types\/page"}],"author":[{"embeddable":true,"href":"https:\/\/mauritiussportscouncil.govmu.org\/mauritiussportscouncil\/index.php?rest_route=\/wp\/v2\/users\/1"}],"replies":[{"embeddable":true,"href":"https:\/\/mauritiussportscouncil.govmu.org\/mauritiussportscouncil\/index.php?rest_route=%2Fwp%2Fv2%2Fcomments&post=968"}],"version-history":[{"count":3,"href":"https:\/\/mauritiussportscouncil.govmu.org\/mauritiussportscouncil\/index.php?rest_route=\/wp\/v2\/pages\/968\/revisions"}],"predecessor-version":[{"id":5311,"href":"https:\/\/mauritiussportscouncil.govmu.org\/mauritiussportscouncil\/index.php?rest_route=\/wp\/v2\/pages\/968\/revisions\/5311"}],"wp:attachment":[{"href":"https:\/\/mauritiussportscouncil.govmu.org\/mauritiussportscouncil\/index.php?rest_route=%2Fwp%2Fv2%2Fmedia&parent=968"}],"curies":[{"name":"wp","href":"https:\/\/api.w.org\/{rel}","templated":true}]}}